{"id":56,"date":"2018-12-11T13:35:28","date_gmt":"2018-12-11T13:35:28","guid":{"rendered":"http:\/\/geistige-adoption.de\/?page_id=56"},"modified":"2019-01-04T22:13:06","modified_gmt":"2019-01-04T22:13:06","slug":"faq","status":"publish","type":"page","link":"https:\/\/geistige-adoption.de\/?page_id=56","title":{"rendered":"FAQ"},"content":{"rendered":"<h3><em><strong>Am h\u00e4ufigsten gestellte Fragen und Antworten:<\/strong><\/em><\/h3>\n<h3><strong><em>Was ist die geistige Adoption?<\/em><\/strong><\/h3>\n<p>Die geistige Adoption ist ein Gebetskreuzzug f\u00fcr ein Kind, das durch die T\u00f6tung im Mutterleib bedroht ist. Er dauert 9 Monate und beinhaltet das t\u00e4gliche Beten eines Rosenkranzges\u00e4tzes (1 Vaterunser und 10 Gegr\u00fc\u00dfet seist du Maria),\u00a0ein Sondergebet f\u00fcr das Kind und seine Eltern, sowie einen zus\u00e4tzlichen Vorsatz. Daneben\u00a0k\u00f6nnen auch noch weitere zus\u00e4tzliche Vors\u00e4tze getroffen und erf\u00fcllt werden.<\/p>\n<p>&nbsp;<\/p>\n<h3><strong><em>Um welche zus\u00e4tzlichen Vors\u00e4tze handelt es sich?<\/em><\/strong><\/h3>\n<p>Zus\u00e4tzliche Vors\u00e4tze k\u00f6nnen sein: \u00d6ftere Beichte und heilige Kommunion, Anbetung des Allerheiligsten Sakramentes, das Lesen der Bibel, das Fasten mit Brot und Wasser, der Kampf mit der Sucht, Hilfe leisten an Bed\u00fcrftigen oder andere Gebete (z.B. Litanei usw.). Es sollen reale Vors\u00e4tze, in Hinblick auf die individuellen M\u00f6glichkeiten Ihrer Erf\u00fcllung getroffen werden.<\/p>\n<p>&nbsp;<\/p>\n<h3><strong><em>Wie entstand die Idee der geistigen Adoption?<\/em><\/strong><\/h3>\n<p>Die geistige Adoption entstand nach Erscheinungen der Mutter Gottes in Fatima, als Antwort auf den Ruf der Mutter Gottes zum Rosenkranzgebet, Bu\u00dfe und Genugtuung f\u00fcr jene S\u00fcnden, die am meisten ihr Unbeflecktes Herz verletzen. Im Jahre 1987 wurde diese Idee nach Polen \u00fcbertragen. Das erste Zentrum der Geistigen Adoption entstand in der Kirche der Pauliner in Warschau (heute Kloster Jasna G\u00f3ra \u2013 Heller Berg \u2013 in Cz\u0119stochowa). Von dort aus verbreitet sie sich im In- und Ausland.<\/p>\n<p>&nbsp;<\/p>\n<h3><strong><em>Was sind die Fr\u00fcchte der geistigen Adoption?<\/em><\/strong><\/h3>\n<p>Die geistige Adoption heilt erfolgreich tiefe innere Verletzungen, die die Abtreibungss\u00fcnde verursacht. Sie l\u00e4sst die Mutter den Glauben an die Barmherzigkeit Gottes\u00a0 wieder gewinnen, indem sie ihrem Herzen den Frieden bringt. Als konkrete selbstlose und pers\u00f6nliche Gabe (Gebet, Opfer und Fasten) hilft sie besonders den jungen Menschen ihren Charakter zu bilden, den Egoismus zu bek\u00e4mpfen und\u00a0die Freude der verantwortlichen Elternschaft zu entdecken, indem sie sie bef\u00e4higt Liebe und Sexualit\u00e4t mit den Augen Gottes wahrzunehmen. Systematisches Beten und positives Handeln vertiefen den Kontakt zu Gott und helfen den Sinn der vernachl\u00e4ssigten asketischen Praktiken zu entdecken. Sie kann auch ein Ansto\u00df f\u00fcr die Wiederbelebung der Liebe und des gemeinsamen Gebetes in der Familie werden.<\/p>\n<p>&nbsp;<\/p>\n<h3><strong><em>Wer kann die geistige Adoption geloben?<\/em><\/strong><\/h3>\n<p>Jede Zivilperson, Konsekrierte, M\u00e4nner und Frauen, unabh\u00e4ngig vom Alter,\u00a0Kinder jedoch nur unter der Aufsicht ihrer Eltern.<\/p>\n<p>&nbsp;<\/p>\n<h3><strong><em>Wie oft kann man die geistige Adoption geloben?<\/em><\/strong><\/h3>\n<p>Die geistige Adoption kann mehrfach aufgenommen werden, wenn die notwendigen Verpflichtungen erf\u00fcllt werden.<\/p>\n<p>&nbsp;<\/p>\n<h3><strong><em>Muss das Gel\u00f6bnis jedes Mal wiederholt werden?<\/em><\/strong><\/h3>\n<p>Ja.<\/p>\n<p>&nbsp;<\/p>\n<h3><strong><em>Kann man mehrere Kinder gleichzeitig adoptieren?<\/em><\/strong><\/h3>\n<p>Nein. Die geistige Adoption beschr\u00e4nkt sich auf ein Kind.<\/p>\n<p>&nbsp;<\/p>\n<h3><strong><em>Ist die Identit\u00e4t des Kindes bekannt?<\/em><\/strong><\/h3>\n<p>Nein, nur Gott allein kennt das Kind und dessen Namen.<\/p>\n<p>&nbsp;<\/p>\n<h3><strong><em>Woher kommt die Gewissheit, das Gott unsere Bitten erh\u00f6rt?<\/em><\/strong><\/h3>\n<p>Unsere Gewissheit st\u00fctzen wir auf unseren Glauben in die Allmacht und die grenzenlose Barmherzigkeit Gottes. Gott ist unser Sch\u00f6pfer und sein Wille ist es, dass jedes gezeugte Kind lebt \u2013 umh\u00fcllt von der Liebe seiner Eltern.<\/p>\n<p>&nbsp;<\/p>\n<h3><strong><em>Ist das Vergessen der Gebete an einem Tag eine S\u00fcnde?<\/em><\/strong><\/h3>\n<p>Das Vergessen ist keine S\u00fcnde. S\u00fcnde ist jedoch das bewusste und gewollte Vernachl\u00e4ssigen des vor Gott abgelegten Gel\u00f6bnisses.<\/p>\n<p>&nbsp;<\/p>\n<h3><strong><em>Wird durch l\u00e4nger anhaltende Vernachl\u00e4ssigung des Gebetes die geistige Adoption unterbrochen?<\/em><\/strong><\/h3>\n<p>Eine l\u00e4ngere Pause (ca. 1 \u00a0Monat) unterbricht die geistige Adoption. In diesem Fall ist das Versprechen zu wiederholen. K\u00fcrzere Unterbrechungen schaden nicht, wenn die geistige Adoption um die ausgefallene Zeit verl\u00e4ngert wird.<\/p>\n<p>&nbsp;<\/p>\n<h3><strong><em>K\u00f6nnen nicht kirchlich getraute Personen die geistige Adoption geloben?<\/em><\/strong><\/h3>\n<p>Ja, genauso wie Geschiedene.<\/p>\n<p>&nbsp;<\/p>\n<h3><strong><em>Ist die geistige Adoption auch\u00a0dann g\u00fcltig, wenn man die Teilnahme durch den Rundfunk best\u00e4tigt?<\/em><\/strong><\/h3>\n<p>Ja.<\/p>\n<p>&nbsp;<\/p>\n<h3><strong><em>Muss das Gel\u00f6bnis in feierlicher Form, ausschlie\u00dflich in der Kirche in Anwesenheit eines Priesters abgelegt werden?<\/em><\/strong><\/h3>\n<p>Es wird empfohlen das Gel\u00f6bnis in feierlicher Form abzulegen, was aber nicht verpflichtend ist. Es ist auch im privaten Umfeld m\u00f6glich.<\/p>\n<p>&nbsp;<\/p>\n<h3><strong><em>K\u00f6nnen Personen, die an den Vorbereitungen nicht teilgenommen haben, die geistige Adoption aufnehmen? Kranke, Behinderte, Menschen fortgeschrittenen Alters?<\/em><\/strong><\/h3>\n<p>Ja, sie k\u00f6nnen das Gel\u00f6bnis privat ablegen.<\/p>\n<p>&nbsp;<\/p>\n<h3><strong><em>In welcher Form ist das Gel\u00f6bnis privat abzulegen?<\/em><\/strong><\/h3>\n<p>Die Gel\u00f6bnisformel ist (am besten vor einem Kruzifix oder einem heiligen Bild) abzulegen. Ab diesem Moment entsteht <strong>die Verpflichtung neun Monate lang t\u00e4glich ein Rosenkranzges\u00e4tz und das Gebet f\u00fcr das bedrohte Kind zu sprechen.<\/strong> Es wird empfohlen, das Datum des Beginns und des Endes zur Erinnerung zu vermerken.<\/p>\n<p>&nbsp;<\/p>\n<h3><strong><em>Wie ist die Verbreitung der geistigen Adoption m\u00f6glich?<\/em><\/strong><\/h3>\n<p>* durch das Begeistern des Umfeldes f\u00fcr die geistige Adoption<br \/>\n* durch Zustimmung des Pfarrers zur Durchf\u00fchrung des Gel\u00f6bnisses der geistigen Adoption in der Kirche<br \/>\n* durch die Kontaktaufnahme mit einem Zentrum der geistigen Adoption, bzgl.\u00a0der Zusendung von Informationsmaterial, sowie der\u00a0Hilfestellung bei der Durchf\u00fchrung des Gel\u00f6bnisses.<\/p>\n<p>&nbsp;<\/p>\n<h3><strong><em>Hat das Gebet Imprimatur?<\/em><\/strong><\/h3>\n<p>Ja, das Gebet \u00fcber die Geistige Adoption wurde mit Erlaubnis des Warschauer Metropolitanischen Ordinariates am 31. M\u00e4rz 1987, Nr.\u00a0 1687 \/ K \/ 87 herausgegeben.<\/p>\n<p>Die Gel\u00f6bnisformel der geistigen Adoption wurde durch das Bisch\u00f6fliche Ordinariat in Danzig am 27. Sept. 1994 genehmigt. Die Idee der geistigen Adoption hat der Heilige Vater Johannes Paul II. im Schreiben vom 25. April 1994 an den Abt von Jasna G\u00f3ra in Tschenstochau (Cz\u0119stochowa) gesegnet.<\/p>\n<p>&nbsp;<\/p>\n<h3><strong><em>Zentrum der Verbreitung Geistiger Adoption:<br \/>\nJasna G\u00f3ra\/ Tschenstochau <\/em><\/strong><\/h3>\n<p><em>Centrum Duchowej Adopcji \u2013\u00a0Jasna G\u00f3ra<br \/>\n42-225 Cz\u0119stochowa, ul. O. Kordeckiego 2, Polen<br \/>\n<\/em><a class=\"cm_anchor\" href=\"http:\/\/www.jasnagora.pl\/\" target=\"_blank\" rel=\"noopener\"><em>www.jasnagora.pl<\/em><\/a><br \/>\n<em>Mail: <\/em><a class=\"cm_anchor\"><em>adopcja.duchowa@jasnagora.pl<br \/>\n<\/em><\/a><em>Tel. +48 34 37 77\u00a0415 \u2013 Frau Barbara Szyc<\/em><\/p>\n","protected":false},"excerpt":{"rendered":"<p>Am h\u00e4ufigsten gestellte Fragen und Antworten: Was ist die geistige Adoption? Die geistige Adoption ist ein Gebetskreuzzug f\u00fcr ein Kind, das durch die T\u00f6tung im Mutterleib bedroht ist. Er dauert 9 Monate und beinhaltet das t\u00e4gliche Beten eines Rosenkranzges\u00e4tzes (1 Vaterunser und 10 Gegr\u00fc\u00dfet seist du Maria),\u00a0ein Sondergebet f\u00fcr das Kind und seine Eltern, sowie &hellip; <span class=\"read-more\"><a href=\"https:\/\/geistige-adoption.de\/?page_id=56\" class=\"more-link\">Read More<\/a><\/span><\/p>\n","protected":false},"author":1,"featured_media":84,"parent":0,"menu_order":0,"comment_status":"closed","ping_status":"closed","template":"","meta":{"jetpack_post_was_ever_published":false,"footnotes":""},"class_list":["post-56","page","type-page","status-publish","has-post-thumbnail","hentry"],"jetpack_sharing_enabled":true,"jetpack_shortlink":"https:\/\/wp.me\/PaApn9-U","jetpack-related-posts":[],"_links":{"self":[{"href":"https:\/\/geistige-adoption.de\/index.php?rest_route=\/wp\/v2\/pages\/56","targetHints":{"allow":["GET"]}}],"collection":[{"href":"https:\/\/geistige-adoption.de\/index.php?rest_route=\/wp\/v2\/pages"}],"about":[{"href":"https:\/\/geistige-adoption.de\/index.php?rest_route=\/wp\/v2\/types\/page"}],"author":[{"embeddable":true,"href":"https:\/\/geistige-adoption.de\/index.php?rest_route=\/wp\/v2\/users\/1"}],"replies":[{"embeddable":true,"href":"https:\/\/geistige-adoption.de\/index.php?rest_route=%2Fwp%2Fv2%2Fcomments&post=56"}],"version-history":[{"count":4,"href":"https:\/\/geistige-adoption.de\/index.php?rest_route=\/wp\/v2\/pages\/56\/revisions"}],"predecessor-version":[{"id":96,"href":"https:\/\/geistige-adoption.de\/index.php?rest_route=\/wp\/v2\/pages\/56\/revisions\/96"}],"wp:featuredmedia":[{"embeddable":true,"href":"https:\/\/geistige-adoption.de\/index.php?rest_route=\/wp\/v2\/media\/84"}],"wp:attachment":[{"href":"https:\/\/geistige-adoption.de\/index.php?rest_route=%2Fwp%2Fv2%2Fmedia&parent=56"}],"curies":[{"name":"wp","href":"https:\/\/api.w.org\/{rel}","templated":true}]}}

<h3><em><strong>Am häufigsten gestellte Fragen und Antworten:</strong></em></h3>
<h3><strong><em>Was ist die geistige Adoption?</em></strong></h3>
<p>Die geistige Adoption ist ein Gebetskreuzzug für ein Kind, das durch die Tötung im Mutterleib bedroht ist. Er dauert 9 Monate und beinhaltet das tägliche Beten eines Rosenkranzgesätzes (1 Vaterunser und 10 Gegrüßet seist du Maria), ein Sondergebet für das Kind und seine Eltern, sowie einen zusätzlichen Vorsatz. Daneben können auch noch weitere zusätzliche Vorsätze getroffen und erfüllt werden.</p>
<p>&nbsp;</p>
<h3><strong><em>Um welche zusätzlichen Vorsätze handelt es sich?</em></strong></h3>
<p>Zusätzliche Vorsätze können sein: Öftere Beichte und heilige Kommunion, Anbetung des Allerheiligsten Sakramentes, das Lesen der Bibel, das Fasten mit Brot und Wasser, der Kampf mit der Sucht, Hilfe leisten an Bedürftigen oder andere Gebete (z.B. Litanei usw.). Es sollen reale Vorsätze, in Hinblick auf die individuellen Möglichkeiten Ihrer Erfüllung getroffen werden.</p>
<p>&nbsp;</p>
<h3><strong><em>Wie entstand die Idee der geistigen Adoption?</em></strong></h3>
<p>Die geistige Adoption entstand nach Erscheinungen der Mutter Gottes in Fatima, als Antwort auf den Ruf der Mutter Gottes zum Rosenkranzgebet, Buße und Genugtuung für jene Sünden, die am meisten ihr Unbeflecktes Herz verletzen. Im Jahre 1987 wurde diese Idee nach Polen übertragen. Das erste Zentrum der Geistigen Adoption entstand in der Kirche der Pauliner in Warschau (heute Kloster Jasna Góra – Heller Berg – in Częstochowa). Von dort aus verbreitet sie sich im In- und Ausland.</p>
<p>&nbsp;</p>
<h3><strong><em>Was sind die Früchte der geistigen Adoption?</em></strong></h3>
<p>Die geistige Adoption heilt erfolgreich tiefe innere Verletzungen, die die Abtreibungssünde verursacht. Sie lässt die Mutter den Glauben an die Barmherzigkeit Gottes  wieder gewinnen, indem sie ihrem Herzen den Frieden bringt. Als konkrete selbstlose und persönliche Gabe (Gebet, Opfer und Fasten) hilft sie besonders den jungen Menschen ihren Charakter zu bilden, den Egoismus zu bekämpfen und die Freude der verantwortlichen Elternschaft zu entdecken, indem sie sie befähigt Liebe und Sexualität mit den Augen Gottes wahrzunehmen. Systematisches Beten und positives Handeln vertiefen den Kontakt zu Gott und helfen den Sinn der vernachlässigten asketischen Praktiken zu entdecken. Sie kann auch ein Anstoß für die Wiederbelebung der Liebe und des gemeinsamen Gebetes in der Familie werden.</p>
<p>&nbsp;</p>
<h3><strong><em>Wer kann die geistige Adoption geloben?</em></strong></h3>
<p>Jede Zivilperson, Konsekrierte, Männer und Frauen, unabhängig vom Alter, Kinder jedoch nur unter der Aufsicht ihrer Eltern.</p>
<p>&nbsp;</p>
<h3><strong><em>Wie oft kann man die geistige Adoption geloben?</em></strong></h3>
<p>Die geistige Adoption kann mehrfach aufgenommen werden, wenn die notwendigen Verpflichtungen erfüllt werden.</p>
<p>&nbsp;</p>
<h3><strong><em>Muss das Gelöbnis jedes Mal wiederholt werden?</em></strong></h3>
<p>Ja.</p>
<p>&nbsp;</p>
<h3><strong><em>Kann man mehrere Kinder gleichzeitig adoptieren?</em></strong></h3>
<p>Nein. Die geistige Adoption beschränkt sich auf ein Kind.</p>
<p>&nbsp;</p>
<h3><strong><em>Ist die Identität des Kindes bekannt?</em></strong></h3>
<p>Nein, nur Gott allein kennt das Kind und dessen Namen.</p>
<p>&nbsp;</p>
<h3><strong><em>Woher kommt die Gewissheit, das Gott unsere Bitten erhört?</em></strong></h3>
<p>Unsere Gewissheit stützen wir auf unseren Glauben in die Allmacht und die grenzenlose Barmherzigkeit Gottes. Gott ist unser Schöpfer und sein Wille ist es, dass jedes gezeugte Kind lebt – umhüllt von der Liebe seiner Eltern.</p>
<p>&nbsp;</p>
<h3><strong><em>Ist das Vergessen der Gebete an einem Tag eine Sünde?</em></strong></h3>
<p>Das Vergessen ist keine Sünde. Sünde ist jedoch das bewusste und gewollte Vernachlässigen des vor Gott abgelegten Gelöbnisses.</p>
<p>&nbsp;</p>
<h3><strong><em>Wird durch länger anhaltende Vernachlässigung des Gebetes die geistige Adoption unterbrochen?</em></strong></h3>
<p>Eine längere Pause (ca. 1  Monat) unterbricht die geistige Adoption. In diesem Fall ist das Versprechen zu wiederholen. Kürzere Unterbrechungen schaden nicht, wenn die geistige Adoption um die ausgefallene Zeit verlängert wird.</p>
<p>&nbsp;</p>
<h3><strong><em>Können nicht kirchlich getraute Personen die geistige Adoption geloben?</em></strong></h3>
<p>Ja, genauso wie Geschiedene.</p>
<p>&nbsp;</p>
<h3><strong><em>Ist die geistige Adoption auch dann gültig, wenn man die Teilnahme durch den Rundfunk bestätigt?</em></strong></h3>
<p>Ja.</p>
<p>&nbsp;</p>
<h3><strong><em>Muss das Gelöbnis in feierlicher Form, ausschließlich in der Kirche in Anwesenheit eines Priesters abgelegt werden?</em></strong></h3>
<p>Es wird empfohlen das Gelöbnis in feierlicher Form abzulegen, was aber nicht verpflichtend ist. Es ist auch im privaten Umfeld möglich.</p>
<p>&nbsp;</p>
<h3><strong><em>Können Personen, die an den Vorbereitungen nicht teilgenommen haben, die geistige Adoption aufnehmen? Kranke, Behinderte, Menschen fortgeschrittenen Alters?</em></strong></h3>
<p>Ja, sie können das Gelöbnis privat ablegen.</p>
<p>&nbsp;</p>
<h3><strong><em>In welcher Form ist das Gelöbnis privat abzulegen?</em></strong></h3>
<p>Die Gelöbnisformel ist (am besten vor einem Kruzifix oder einem heiligen Bild) abzulegen. Ab diesem Moment entsteht <strong>die Verpflichtung neun Monate lang täglich ein Rosenkranzgesätz und das Gebet für das bedrohte Kind zu sprechen.</strong> Es wird empfohlen, das Datum des Beginns und des Endes zur Erinnerung zu vermerken.</p>
<p>&nbsp;</p>
<h3><strong><em>Wie ist die Verbreitung der geistigen Adoption möglich?</em></strong></h3>
<p>* durch das Begeistern des Umfeldes für die geistige Adoption<br />
* durch Zustimmung des Pfarrers zur Durchführung des Gelöbnisses der geistigen Adoption in der Kirche<br />
* durch die Kontaktaufnahme mit einem Zentrum der geistigen Adoption, bzgl. der Zusendung von Informationsmaterial, sowie der Hilfestellung bei der Durchführung des Gelöbnisses.</p>
<p>&nbsp;</p>
<h3><strong><em>Hat das Gebet Imprimatur?</em></strong></h3>
<p>Ja, das Gebet über die Geistige Adoption wurde mit Erlaubnis des Warschauer Metropolitanischen Ordinariates am 31. März 1987, Nr.  1687 / K / 87 herausgegeben.</p>
<p>Die Gelöbnisformel der geistigen Adoption wurde durch das Bischöfliche Ordinariat in Danzig am 27. Sept. 1994 genehmigt. Die Idee der geistigen Adoption hat der Heilige Vater Johannes Paul II. im Schreiben vom 25. April 1994 an den Abt von Jasna Góra in Tschenstochau (Częstochowa) gesegnet.</p>
<p>&nbsp;</p>
<h3><strong><em>Zentrum der Verbreitung Geistiger Adoption:<br />
Jasna Góra/ Tschenstochau </em></strong></h3>
<p><em>Centrum Duchowej Adopcji – Jasna Góra<br />
42-225 Częstochowa, ul. O. Kordeckiego 2, Polen<br />
</em><a class="cm_anchor" href="http://www.jasnagora.pl/" target="_blank" rel="noopener"><em>www.jasnagora.pl</em></a><br />
<em>Mail: </em><a class="cm_anchor"><em>adopcja.duchowa@jasnagora.pl<br />
</em></a><em>Tel. +48 34 37 77 415 – Frau Barbara Szyc</em></p>

<p>Am häufigsten gestellte Fragen und Antworten: Was ist die geistige Adoption? Die geistige Adoption ist ein Gebetskreuzzug für ein Kind, das durch die Tötung im Mutterleib bedroht ist. Er dauert 9 Monate und beinhaltet das tägliche Beten eines Rosenkranzgesätzes (1 Vaterunser und 10 Gegrüßet seist du Maria), ein Sondergebet für das Kind und seine Eltern, sowie &hellip; <span class="read-more"><a href="https://geistige-adoption.de/?page_id=56" class="more-link">Read More</a></span></p>
