{"id":44,"date":"2018-12-11T11:30:41","date_gmt":"2018-12-11T11:30:41","guid":{"rendered":"http:\/\/geistige-adoption.de\/?page_id=44"},"modified":"2019-01-04T22:02:13","modified_gmt":"2019-01-04T22:02:13","slug":"wie-mache-ich-mit","status":"publish","type":"page","link":"https:\/\/geistige-adoption.de\/?page_id=44","title":{"rendered":"Wie mache ich mit?"},"content":{"rendered":"<h3><span data-mce-mark=\"1\">Vorbemerkungen zum Versprechen<\/span><\/h3>\n<p>Dem Versprechen sollte eine innere Einkehrzeit vorausgehen. In dieser Zeit sollte man sich mit seinen Beweggr\u00fcnden und\u00a0seiner Motivation auseinandersetzen und\u00a0in Ruhe \u00fcberlegen, zu welchen Vors\u00e4tzen man sich verpflichten m\u00f6chte.<\/p>\n<p>Das Versprechen der\u00a0Geistigen Adoption sollte\u00a0man\u00a0nach\u00a0M\u00f6glichkeit\u00a0in einer\u00a0Kirche feierlich vollziehen.<br \/>\nIst die M\u00f6glichkeit des feierlichen Vollzuges in einer Kirche nicht m\u00f6glich, dann k\u00f6nnen Sie das\u00a0Versprechen auch privat vor dem Kreuz oder einem Heiligenbild machen, vorzugsweise zu einem Fest der Muttergottes.<\/p>\n<p>Die Geistige\u00a0Adoption kann\u00a0alle 9 Monate zyklisch erfolgen, jedoch immer erst nach der Erf\u00fcllung fr\u00fcherer Verpflichtungen. Jeder neuen geistigen Annahme muss ein neues\u00a0Versprechen vorangehen.<\/p>\n<p>Man\u00a0adoptiert jedes Mal nur ein unbekanntes Kind.\u00a0Gott, der Geber des Lebens, kennt seinen Namen und w\u00e4hlt es f\u00fcr uns aus.<\/p>\n<h3>\u00a0<em>Das Versprechen<\/em><\/h3>\n<p><em>Heilige Jungfrau Maria, Mutter Gottes, alle Engel und Heiligen. <\/em><br \/>\n<em>Getrieben von dem Wunsch, das ungeborene Leben zu verteidigen verspreche ich ab<\/em><br \/>\n<em>dem ___.___.______ ein Kind geistig zu adoptieren, dessen Name nur Gott bekannt ist.<\/em><br \/>\n<em>Ich verspreche jeden Tag &#8211; neun Monate lang &#8211; darum zu bitten, dass sein Leben gerettet wird<\/em><br \/>\n<em>und es nach der Geburt ein gutes und gerechtes Leben f\u00fchrt.<\/em><\/p>\n<h3>Vors\u00e4tze<\/h3>\n<p>W\u00e4hrend der Zeit der Adoption verpflichte ich mich:<\/p>\n<ul>\n<li>t\u00e4glich ein Geheimnis des Rosenkranzes zu beten,<\/li>\n<li>t\u00e4glich das nachfolgende Gebet zu sprechen und<\/li>\n<li>w\u00f6chentlich ein freiwilliges Opfer zu bringen.<\/li>\n<\/ul>\n<p>&nbsp;<\/p>\n<h3><em>T\u00e4gliches Gebet<\/em><\/h3>\n<p><em>Herr Jesus Christus, durch die F\u00fcrsprache deiner Mutter Maria, die dich in Liebe empfangen und geboren hat und auf die F\u00fcrsprache des Heiligen Josef, der sich nach deiner Geburt um dich gek\u00fcmmert hat, bitte ich dich um dieses ungeborene Kind, welches ich geistig angenommen habe und das von Abtreibung bedroht ist. Bitte, gib seinen Eltern die Liebe und den Mut, ihr Kind, das du ihnen geschenkt hast, am Leben zu lassen.<\/em><\/p>\n<p><em>Amen.<\/em><\/p>\n<h3>Zus\u00e4tzliche Vors\u00e4tze<\/h3>\n<p>Zus\u00e4tzliche Vors\u00e4tze und Praktiken k\u00f6nnen freiwillig erfolgen. Sie entspringen\u00a0oftmals\u00a0der Gnade und Vorsehung Gottes. Allerdings sollte man sich\u00a0h\u00f6chstens auf ein oder zwei weitere Vors\u00e4tze beschr\u00e4nken, da auch diese \u00fcber den gesamten Zeitraum\u00a0praktiziert und in den Lebensalltag integriert werden m\u00fcssen.<\/p>\n<h3>Die Unterbrechung des Adoptionsversprechens<\/h3>\n<p>Es kann vorkommen, dass wir unsere Adoptionsverpflichtungen vergessen oder vernachl\u00e4ssigen. Eine lange Pause, zum Beispiel \u00fcber einen Monat, unterbricht die geistige Adoption und erfordert, sie mit einem erneuten Versprechen von vorne zu beginnen. Im Falle einer kurzen Pause sollte die Geistige\u00a0Adoptionen fortgesetzt werden, wobei die 9 Monate um die Anzahl der vergessen oder vernachl\u00e4ssigen Tage verl\u00e4ngert werden.<\/p>\n<p>Weitere Einzelheiten hierzu finden Sie auf der Seite <strong>Fragen und Antworten (FAQ).<\/strong><\/p>\n","protected":false},"excerpt":{"rendered":"<p>Vorbemerkungen zum Versprechen Dem Versprechen sollte eine innere Einkehrzeit vorausgehen. In dieser Zeit sollte man sich mit seinen Beweggr\u00fcnden und\u00a0seiner Motivation auseinandersetzen und\u00a0in Ruhe \u00fcberlegen, zu welchen Vors\u00e4tzen man sich verpflichten m\u00f6chte. Das Versprechen der\u00a0Geistigen Adoption sollte\u00a0man\u00a0nach\u00a0M\u00f6glichkeit\u00a0in einer\u00a0Kirche feierlich vollziehen. Ist die M\u00f6glichkeit des feierlichen Vollzuges in einer Kirche nicht m\u00f6glich, dann k\u00f6nnen Sie das\u00a0Versprechen &hellip; <span class=\"read-more\"><a href=\"https:\/\/geistige-adoption.de\/?page_id=44\" class=\"more-link\">Read More<\/a><\/span><\/p>\n","protected":false},"author":1,"featured_media":85,"parent":0,"menu_order":0,"comment_status":"closed","ping_status":"closed","template":"","meta":{"jetpack_post_was_ever_published":false,"footnotes":""},"class_list":["post-44","page","type-page","status-publish","has-post-thumbnail","hentry"],"jetpack_sharing_enabled":true,"jetpack_shortlink":"https:\/\/wp.me\/PaApn9-I","jetpack-related-posts":[],"_links":{"self":[{"href":"https:\/\/geistige-adoption.de\/index.php?rest_route=\/wp\/v2\/pages\/44","targetHints":{"allow":["GET"]}}],"collection":[{"href":"https:\/\/geistige-adoption.de\/index.php?rest_route=\/wp\/v2\/pages"}],"about":[{"href":"https:\/\/geistige-adoption.de\/index.php?rest_route=\/wp\/v2\/types\/page"}],"author":[{"embeddable":true,"href":"https:\/\/geistige-adoption.de\/index.php?rest_route=\/wp\/v2\/users\/1"}],"replies":[{"embeddable":true,"href":"https:\/\/geistige-adoption.de\/index.php?rest_route=%2Fwp%2Fv2%2Fcomments&post=44"}],"version-history":[{"count":6,"href":"https:\/\/geistige-adoption.de\/index.php?rest_route=\/wp\/v2\/pages\/44\/revisions"}],"predecessor-version":[{"id":95,"href":"https:\/\/geistige-adoption.de\/index.php?rest_route=\/wp\/v2\/pages\/44\/revisions\/95"}],"wp:featuredmedia":[{"embeddable":true,"href":"https:\/\/geistige-adoption.de\/index.php?rest_route=\/wp\/v2\/media\/85"}],"wp:attachment":[{"href":"https:\/\/geistige-adoption.de\/index.php?rest_route=%2Fwp%2Fv2%2Fmedia&parent=44"}],"curies":[{"name":"wp","href":"https:\/\/api.w.org\/{rel}","templated":true}]}}

<h3><span data-mce-mark="1">Vorbemerkungen zum Versprechen</span></h3>
<p>Dem Versprechen sollte eine innere Einkehrzeit vorausgehen. In dieser Zeit sollte man sich mit seinen Beweggründen und seiner Motivation auseinandersetzen und in Ruhe überlegen, zu welchen Vorsätzen man sich verpflichten möchte.</p>
<p>Das Versprechen der Geistigen Adoption sollte man nach Möglichkeit in einer Kirche feierlich vollziehen.<br />
Ist die Möglichkeit des feierlichen Vollzuges in einer Kirche nicht möglich, dann können Sie das Versprechen auch privat vor dem Kreuz oder einem Heiligenbild machen, vorzugsweise zu einem Fest der Muttergottes.</p>
<p>Die Geistige Adoption kann alle 9 Monate zyklisch erfolgen, jedoch immer erst nach der Erfüllung früherer Verpflichtungen. Jeder neuen geistigen Annahme muss ein neues Versprechen vorangehen.</p>
<p>Man adoptiert jedes Mal nur ein unbekanntes Kind. Gott, der Geber des Lebens, kennt seinen Namen und wählt es für uns aus.</p>
<h3> <em>Das Versprechen</em></h3>
<p><em>Heilige Jungfrau Maria, Mutter Gottes, alle Engel und Heiligen. </em><br />
<em>Getrieben von dem Wunsch, das ungeborene Leben zu verteidigen verspreche ich ab</em><br />
<em>dem ___.___.______ ein Kind geistig zu adoptieren, dessen Name nur Gott bekannt ist.</em><br />
<em>Ich verspreche jeden Tag &#8211; neun Monate lang &#8211; darum zu bitten, dass sein Leben gerettet wird</em><br />
<em>und es nach der Geburt ein gutes und gerechtes Leben führt.</em></p>
<h3>Vorsätze</h3>
<p>Während der Zeit der Adoption verpflichte ich mich:</p>
<ul>
<li>täglich ein Geheimnis des Rosenkranzes zu beten,</li>
<li>täglich das nachfolgende Gebet zu sprechen und</li>
<li>wöchentlich ein freiwilliges Opfer zu bringen.</li>
</ul>
<p>&nbsp;</p>
<h3><em>Tägliches Gebet</em></h3>
<p><em>Herr Jesus Christus, durch die Fürsprache deiner Mutter Maria, die dich in Liebe empfangen und geboren hat und auf die Fürsprache des Heiligen Josef, der sich nach deiner Geburt um dich gekümmert hat, bitte ich dich um dieses ungeborene Kind, welches ich geistig angenommen habe und das von Abtreibung bedroht ist. Bitte, gib seinen Eltern die Liebe und den Mut, ihr Kind, das du ihnen geschenkt hast, am Leben zu lassen.</em></p>
<p><em>Amen.</em></p>
<h3>Zusätzliche Vorsätze</h3>
<p>Zusätzliche Vorsätze und Praktiken können freiwillig erfolgen. Sie entspringen oftmals der Gnade und Vorsehung Gottes. Allerdings sollte man sich höchstens auf ein oder zwei weitere Vorsätze beschränken, da auch diese über den gesamten Zeitraum praktiziert und in den Lebensalltag integriert werden müssen.</p>
<h3>Die Unterbrechung des Adoptionsversprechens</h3>
<p>Es kann vorkommen, dass wir unsere Adoptionsverpflichtungen vergessen oder vernachlässigen. Eine lange Pause, zum Beispiel über einen Monat, unterbricht die geistige Adoption und erfordert, sie mit einem erneuten Versprechen von vorne zu beginnen. Im Falle einer kurzen Pause sollte die Geistige Adoptionen fortgesetzt werden, wobei die 9 Monate um die Anzahl der vergessen oder vernachlässigen Tage verlängert werden.</p>
<p>Weitere Einzelheiten hierzu finden Sie auf der Seite <strong>Fragen und Antworten (FAQ).</strong></p>

<p>Vorbemerkungen zum Versprechen Dem Versprechen sollte eine innere Einkehrzeit vorausgehen. In dieser Zeit sollte man sich mit seinen Beweggründen und seiner Motivation auseinandersetzen und in Ruhe überlegen, zu welchen Vorsätzen man sich verpflichten möchte. Das Versprechen der Geistigen Adoption sollte man nach Möglichkeit in einer Kirche feierlich vollziehen. Ist die Möglichkeit des feierlichen Vollzuges in einer Kirche nicht möglich, dann können Sie das Versprechen &hellip; <span class="read-more"><a href="https://geistige-adoption.de/?page_id=44" class="more-link">Read More</a></span></p>
